{"id":377,"date":"2020-01-21T09:53:58","date_gmt":"2020-01-21T09:53:58","guid":{"rendered":"https:\/\/www.nicola-haastert.de\/?page_id=377"},"modified":"2026-04-12T11:29:51","modified_gmt":"2026-04-12T11:29:51","slug":"seminare","status":"publish","type":"page","link":"https:\/\/www.nicola-haastert.de\/index.php\/seminare\/","title":{"rendered":"Seminare"},"content":{"rendered":"<h2><strong><img loading=\"lazy\" decoding=\"async\" class=\"wp-image-654 alignleft\" src=\"https:\/\/www.nicola-haastert.de\/wp-content\/uploads\/2025\/06\/XNMR2124-q.jpg\" alt=\"\" width=\"375\" height=\"401\" srcset=\"https:\/\/www.nicola-haastert.de\/wp-content\/uploads\/2025\/06\/XNMR2124-q.jpg 1999w, https:\/\/www.nicola-haastert.de\/wp-content\/uploads\/2025\/06\/XNMR2124-q-280x300.jpg 280w, https:\/\/www.nicola-haastert.de\/wp-content\/uploads\/2025\/06\/XNMR2124-q-957x1024.jpg 957w, https:\/\/www.nicola-haastert.de\/wp-content\/uploads\/2025\/06\/XNMR2124-q-768x821.jpg 768w, https:\/\/www.nicola-haastert.de\/wp-content\/uploads\/2025\/06\/XNMR2124-q-1436x1536.jpg 1436w, https:\/\/www.nicola-haastert.de\/wp-content\/uploads\/2025\/06\/XNMR2124-q-1915x2048.jpg 1915w\" sizes=\"auto, (max-width: 375px) 100vw, 375px\" \/>Nicola Haastert<\/strong><\/h2>\n<p style=\"text-align: left;\">Diplom-Kauffrau<br \/>\nSteuerberaterin<\/p>\n<p style=\"text-align: left;\">Heilpraktikerin<br \/>\nPerformance Coach<\/p>\n<p style=\"text-align: left;\">mehr als 25 Jahre Erfahrung als Referentin, Trainerin, Mentorin<br \/>\nund Coach erm\u00f6glichen mir,<br \/>\nein breitgef\u00e4chertes Portfolio im Rahmen des Balance-d Learning anzubieten.<\/p>\n<p>&nbsp;<\/p>\n<p style=\"text-align: left;\">Neben meiner T\u00e4tigkeit f\u00fcr die IHK D\u00fcsseldorf, die IHK Niederrhein und das Evangelische Bildungszentrum in Essen, zu deren Kursen Sie sich \u00fcber die jeweiligen Homepages anmelden k\u00f6nnen, besteht f\u00fcr Sie auch die M\u00f6glichkeit, mich f\u00fcr unternehmensinterne Fortbildungsveranstaltungen zu buchen. Ob online, in Ihrem Hause oder in meinen Praxisr\u00e4umen, ich biete Ihnen individuell auf Ihre Bed\u00fcrfnisse zugeschnittene Unterrichtsinhalte.<\/p>\n<p style=\"text-align: left;\">Bitte kontaktieren Sie mich hierzu per <a href=\"https:\/\/www.nicola-haastert.de\/index.php\/impressum\/\">eMail<\/a> f\u00fcr ein unverbindliches Angebot.<\/p>\n<p><strong>Schwerpunkte<\/strong> meiner Schulungst\u00e4tigkeit sind:<\/p>\n<ul>\n<li>Pers\u00f6nlichkeitsentwicklung und Neuorientierung<\/li>\n<li>Stressmanagement und Resilienzsteigerung<\/li>\n<li>Selbstorganisation und Zeitmanagement<\/li>\n<li>F\u00fchrungskr\u00e4fte-Entwicklung<\/li>\n<li>Kommunikation und Konfliktmanagement<\/li>\n<li>Messetrainings und Vertragsverhandlungen<\/li>\n<\/ul>\n<p>&nbsp;<\/p>\n<p>Meine bislang terminierten Schulungen finden Sie hier:<\/p>\n<p>&nbsp;<\/p>\n<h3 class=\"h1\">IHK D\u00fcsseldorf<\/h3>\n<p>&nbsp;<\/p>\n<p>03.02.26 \/ 04.02.26 \u00a0 \u00a0 \u00a0<strong>Gestern Mitarbeiter &#8211; heute F\u00fchrungskraft<\/strong>\u00a0 \u00a0 <strong><span style=\"color: #ff0000;\">Warteliste !!!<\/span><\/strong><\/p>\n<p>&nbsp;<\/p>\n<p>10.02.26\/ 11.02.26\u00a0 \u00a0 \u00a0 \u00a0 \u00a0<strong>Leadership mit Wirkung &#8211; Modul 1: F\u00fchrung mit Haltung<\/strong><br \/>\n<strong>\u00a0 \u00a0 \u00a0 \u00a0 \u00a0 \u00a0 \u00a0 \u00a0 \u00a0 \u00a0 \u00a0 \u00a0 \u00a0 \u00a0 \u00a0 \u00a0 \u00a0 \u00a0 \u00a0 \u00a0 \u00a0 \u00a0 Selbstf\u00fchrung, Generationenkompetenz und Systemdenken<\/strong><\/p>\n<p>&nbsp;<\/p>\n<p>10.03.26 \/ 11.03.26\u00a0 \u00a0 \u00a0<strong> \u00a0Leadership mit Wirkung &#8211; Modul 2: F\u00fchrung mit System<br \/>\n<\/strong><strong>\u00a0 \u00a0 \u00a0 \u00a0 \u00a0 \u00a0 \u00a0 \u00a0 \u00a0 \u00a0 \u00a0 \u00a0 \u00a0 \u00a0 \u00a0 \u00a0 \u00a0 \u00a0 \u00a0 \u00a0 \u00a0 \u00a0 Stile, Verantwortung und F\u00fchrung im Wirkungskreis<\/strong><\/p>\n<p>&nbsp;<\/p>\n<p>ab 10.3.26\u00a0 \u00a0 \u00a0 \u00a0 \u00a0 \u00a0 \u00a0 \u00a0 \u00a0 \u00a0 \u00a0\u00a0 i.R.d. Zertifikats-Lehrgangs &#8222;F\u00fchrungskraft&#8220;<\/p>\n<p style=\"padding-left: 160px;\"><strong>\u00a0Stressmanagement<\/strong> 1,5 Tage<\/p>\n<p>&nbsp;<\/p>\n<p>17.03.26 \/18.03.26\u00a0 \u00a0 \u00a0 \u00a0<strong>Selbstorganisation und Zeitmanagement &#8211; neu gedacht<\/strong><span style=\"color: #ff0000;\"><strong>\u00a0 \u00a0 AUSGEBUCHT<\/strong><\/span><\/p>\n<p>&nbsp;<\/p>\n<p>21.04.26 \/ 22.04.26\u00a0 \u00a0 \u00a0 <a href=\"https:\/\/ihkportal.de\/duesseldorf\/#\/tibrosVD\/event\/2633PFXXXD09\"><strong>Leadership mit Wirkung &#8211; Modul 3:<\/strong><\/a><strong> Bindung mit Zukunft<\/strong><br \/>\n<strong>\u00a0 \u00a0 \u00a0 \u00a0 \u00a0 \u00a0 \u00a0 \u00a0 \u00a0 \u00a0 \u00a0 \u00a0 \u00a0 \u00a0 \u00a0 \u00a0 \u00a0 \u00a0 \u00a0 \u00a0 \u00a0 \u00a0 <a href=\"https:\/\/ihkportal.de\/duesseldorf\/#\/tibrosVD\/event\/2633PFXXXD09\">Mitarbeitende entwickeln, wertsch\u00e4tzen und halten<\/a><\/strong><\/p>\n<p>&nbsp;<\/p>\n<p>ab 29.4.26\u00a0 \u00a0 \u00a0 \u00a0 \u00a0 \u00a0 \u00a0 \u00a0 \u00a0 \u00a0 \u00a0\u00a0 i.R.d. Zertifikats-Lehrgangs &#8222;F\u00fchrungskraft&#8220;<\/p>\n<p style=\"padding-left: 160px;\"><strong>\u00a0Stressmanagement<\/strong> 1,5 Tage<\/p>\n<p>&nbsp;<\/p>\n<p>28.04.26 \/ 29.04.26 \u00a0 \u00a0 \u00a0<strong><a href=\"https:\/\/ihkportal.de\/duesseldorf\/#\/tibrosVD\/event\/2633PFXXXD02\">Gestern Mitarbeiter &#8211; heute F\u00fchrungskraft <\/a><\/strong>\u00a0<strong><span style=\"color: #ff0000;\">Warteliste !!!<\/span><\/strong><\/p>\n<p>&nbsp;<\/p>\n<p>09.06.26 \/ 10.06.26 \u00a0 \u00a0 \u00a0<strong><a href=\"https:\/\/www.ihk.de\/duesseldorf\/system\/veranstaltungssuche\/vstdetail-tibros\/6138838\/0?terminId=15671\">Gestern Mitarbeiter &#8211; heute F\u00fchrungskraft<\/a><\/strong>\u00a0 \u00a0<strong><span style=\"color: #339966;\">ZUSATZTERMIN<\/span><\/strong><\/p>\n<p>&nbsp;<\/p>\n<p>ab 23.6.26\u00a0 \u00a0 \u00a0 \u00a0 \u00a0 \u00a0 \u00a0 \u00a0 \u00a0 \u00a0 \u00a0\u00a0 i.R.d. Zertifikats-Lehrgangs &#8222;F\u00fchrungskraft&#8220;<\/p>\n<p style=\"padding-left: 160px;\"><strong>\u00a0Stressmanagement<\/strong> 1,5 Tage<\/p>\n<p>&nbsp;<\/p>\n<p>06.07.26 \/ 07.07.26\u00a0 \u00a0 \u00a0 <strong><a href=\"https:\/\/www.ihk.de\/duesseldorf\/system\/veranstaltungssuche\/vstdetail-tibros\/6138838\/0?terminId=15756\">Selbstorganisation und Zeitmanagement<\/a><\/strong>\u00a0 \u00a0 \u00a0<strong><span style=\"color: #339966;\">ZUSATZTERMIN<\/span><\/strong><\/p>\n<p>&nbsp;<\/p>\n<p>01.09.26 \/ 02.09.26 \u00a0 \u00a0 \u00a0<a href=\"https:\/\/ihkportal.de\/duesseldorf\/#\/tibrosVD\/event\/2633PFXXXD03\"><strong>Gestern Mitarbeiter &#8211; heute F\u00fchrungskraft<\/strong><\/a><\/p>\n<p>&nbsp;<\/p>\n<p>08.10.26\/ 09.10.26\u00a0 \u00a0 \u00a0 \u00a0 <strong><a href=\"https:\/\/www.ihk.de\/duesseldorf\/system\/veranstaltungssuche\/vstdetail-tibros\/6138838\/0?terminId=15249\">Leadership mit Wirkung &#8211; Modul 1<\/a>: F\u00fchrung mit Haltung<\/strong><br \/>\n<strong>\u00a0 \u00a0 \u00a0 \u00a0 \u00a0 \u00a0 \u00a0 \u00a0 \u00a0 \u00a0 \u00a0 \u00a0 \u00a0 \u00a0 \u00a0 \u00a0 \u00a0 \u00a0 \u00a0 \u00a0 \u00a0 \u00a0 \u00a0<a href=\"https:\/\/www.ihk.de\/duesseldorf\/system\/veranstaltungssuche\/vstdetail-tibros\/6138838\/0?terminId=15249\">Selbstf\u00fchrung, Generationenkompetenz und Systemdenken<\/a><\/strong><\/p>\n<p>&nbsp;<\/p>\n<p>ab 06.10.26\u00a0 \u00a0 \u00a0 \u00a0 \u00a0 \u00a0 \u00a0 \u00a0 \u00a0 \u00a0 \u00a0\u00a0 i.R.d. Zertifikats-Lehrgangs &#8222;F\u00fchrungskraft&#8220;<\/p>\n<p style=\"padding-left: 160px;\"><strong>\u00a0Stressmanagement<\/strong> 1,5 Tage<\/p>\n<p>&nbsp;<\/p>\n<p>13.10.26 \/ 14.10.26\u00a0 \u00a0 \u00a0\u00a0<strong> \u00a0<a href=\"https:\/\/www.ihk.de\/duesseldorf\/system\/veranstaltungssuche\/vstdetail-tibros\/6138838\/0?terminId=15250\">Leadership mit Wirkung &#8211; Modul 2<\/a>: F\u00fchrung mit System<br \/>\n<\/strong><strong>\u00a0 \u00a0 \u00a0 \u00a0 \u00a0 \u00a0 \u00a0 \u00a0 \u00a0 \u00a0 \u00a0 \u00a0 \u00a0 \u00a0 \u00a0 \u00a0 \u00a0 \u00a0 \u00a0 \u00a0 \u00a0 \u00a0 \u00a0<a href=\"https:\/\/www.ihk.de\/duesseldorf\/system\/veranstaltungssuche\/vstdetail-tibros\/6138838\/0?terminId=15250\">Stile, Verantwortung und F\u00fchrung im Wirkungskreis<\/a><\/strong><\/p>\n<p>&nbsp;<\/p>\n<p>ab 15.10.26\u00a0 \u00a0 \u00a0 \u00a0 \u00a0 \u00a0 \u00a0 \u00a0 \u00a0 \u00a0 \u00a0\u00a0 i.R.d. Zertifikats-Lehrgangs online &#8222;F\u00fchrungskraft&#8220;<\/p>\n<p style=\"padding-left: 160px;\"><strong>\u00a0Stressmanagement<\/strong> 1,5 Tage<\/p>\n<p>&nbsp;<\/p>\n<p>10.11.26 \/11.11.26\u00a0 \u00a0 \u00a0 \u00a0 \u00a0 <a href=\"https:\/\/ihkportal.de\/duesseldorf\/#\/tibrosVD\/event\/2633SPXXXD02\"><strong>Selbstorganisation und Zeitmanagement<\/strong><\/a><\/p>\n<p>&nbsp;<\/p>\n<p>17.11.26 \/ 18.11.26\u00a0 \u00a0 \u00a0 \u00a0 \u00a0<a href=\"https:\/\/ihkportal.de\/duesseldorf\/#\/tibrosVD\/event\/2633PFXXXD04\"><strong>Gestern Mitarbeiter &#8211; Heute F\u00fchrungskraft<\/strong><\/a><\/p>\n<p>&nbsp;<\/p>\n<p>24.11.26 \/ 25.11.26\u00a0 \u00a0 \u00a0 \u00a0 <strong><a href=\"https:\/\/www.ihk.de\/duesseldorf\/system\/veranstaltungssuche\/vstdetail-tibros\/6138838\/0?terminId=15251\">Leadership mit Wirkung &#8211; Modul 3<\/a>: Bindung mit Zukunft<\/strong><br \/>\n<strong>\u00a0 \u00a0 \u00a0 \u00a0 \u00a0 \u00a0 \u00a0 \u00a0 \u00a0 \u00a0 \u00a0 \u00a0 \u00a0 \u00a0 \u00a0 \u00a0 \u00a0 \u00a0 \u00a0 \u00a0 \u00a0 \u00a0 \u00a0<a href=\"https:\/\/www.ihk.de\/duesseldorf\/system\/veranstaltungssuche\/vstdetail-tibros\/6138838\/0?terminId=15251\">Mitarbeitende entwickeln, wertsch\u00e4tzen und halten<\/a><\/strong><\/p>\n<p>&nbsp;<\/p>\n<p>&nbsp;<\/p>\n<h3 class=\"h1\">IHK mittlerer Niederrhein<\/h3>\n<p><a href=\"https:\/\/mittlerer-niederrhein.ihk.de\/de\/weiterbildung\/index.html\">Weiterbildungsangebot insgesamt<\/a><\/p>\n<p>&nbsp;<\/p>\n","protected":false},"excerpt":{"rendered":"<p>Nicola Haastert Diplom-Kauffrau Steuerberaterin Heilpraktikerin Performance Coach mehr als 25 Jahre Erfahrung als Referentin, Trainerin, Mentorin und Coach erm\u00f6glichen mir, ein breitgef\u00e4chertes Portfolio im Rahmen des Balance-d Learning anzubieten. &nbsp; Neben meiner T\u00e4tigkeit f\u00fcr die IHK D\u00fcsseldorf, die IHK Niederrhein und das Evangelische Bildungszentrum in Essen, zu deren Kursen Sie sich \u00fcber die jeweiligen Homepages&hellip; <a href=\"https:\/\/www.nicola-haastert.de\/index.php\/seminare\/\" class=\"more-link\">Weiterlesen <span class=\"screen-reader-text\">Seminare<\/span><\/a><\/p>\n","protected":false},"author":1,"featured_media":0,"parent":0,"menu_order":0,"comment_status":"closed","ping_status":"closed","template":"","meta":{"footnotes":""},"class_list":["post-377","page","type-page","status-publish","hentry","without-featured-image"],"_links":{"self":[{"href":"https:\/\/www.nicola-haastert.de\/index.php\/wp-json\/wp\/v2\/pages\/377","targetHints":{"allow":["GET"]}}],"collection":[{"href":"https:\/\/www.nicola-haastert.de\/index.php\/wp-json\/wp\/v2\/pages"}],"about":[{"href":"https:\/\/www.nicola-haastert.de\/index.php\/wp-json\/wp\/v2\/types\/page"}],"author":[{"embeddable":true,"href":"https:\/\/www.nicola-haastert.de\/index.php\/wp-json\/wp\/v2\/users\/1"}],"replies":[{"embeddable":true,"href":"https:\/\/www.nicola-haastert.de\/index.php\/wp-json\/wp\/v2\/comments?post=377"}],"version-history":[{"count":120,"href":"https:\/\/www.nicola-haastert.de\/index.php\/wp-json\/wp\/v2\/pages\/377\/revisions"}],"predecessor-version":[{"id":722,"href":"https:\/\/www.nicola-haastert.de\/index.php\/wp-json\/wp\/v2\/pages\/377\/revisions\/722"}],"wp:attachment":[{"href":"https:\/\/www.nicola-haastert.de\/index.php\/wp-json\/wp\/v2\/media?parent=377"}],"curies":[{"name":"wp","href":"https:\/\/api.w.org\/{rel}","templated":true}]}}